{"id":1711,"date":"2010-02-03T07:27:24","date_gmt":"2010-02-03T06:27:24","guid":{"rendered":"http:\/\/vad.nmartproject.net\/?page_id=1711"},"modified":"2010-02-03T07:30:11","modified_gmt":"2010-02-03T06:30:11","slug":"kiess-holger","status":"publish","type":"page","link":"https:\/\/vad.nmartproject.net\/?page_id=1711","title":{"rendered":"Kiess, Holger"},"content":{"rendered":"<p><strong>project team &#8220;Spurensuche&#8221; <\/strong><br \/>\nc\/o Holger Kie\u00df<\/p>\n<p><a href=\"http:\/\/and.nmartproject.net\/?p=2918\">biography<\/a><\/p>\n<p>participant in<br \/>\n<a href=\"http:\/\/dts.engad.org\/sfc-index.html\">SFC &#8211; Shoah Film Collection 2010<\/a><\/p>\n<p>[flvgallery video=&#8221;http:\/\/video.newmediaserver.org\/2010\/01\/shoah\/kiess.flv&#8221; title=&#8221;view video&#8221; thumbnail=&#8221;http:\/\/video.newmediaserver.org\/2010\/01\/shoah\/img\/kiess.jpg&#8221;  width=&#8221;480&#8243; height=&#8221;360&#8243;]<br \/>\n.<\/p>\n<p>Video title:<\/p>\n<p><strong>Purane Korakori &#8211; old steps<\/strong><br \/>\nPurane Korakori &#8211; Alte Schritte<br \/>\n2006\/2007, 33:18 min<\/p>\n<p>20 people from Cologne with different provenances (Serbia, Montenegro, Romania, Greece, Turkey and Germany) are seeking traces about the shared history of  Romanies and Germans. The search starts in Cologne during the time of National Socialism, goes on to the \u201cZigeuner-Familienlager\/concentration camp for Gypsy families\u201d in Auschwitz-Birkenau and leads finally back to Cologne at present time.<br \/>\nAt the center point there are the places of remembrance as well as the people themselves with their different perspectives to previous and today\u00b4s history.<br \/>\nThe documentary \u201cPurane Korakori \u2013 ols steps\u201d is a co-production of the project team.<\/p>\n<p>It was published<br \/>\n\u2022\tat the 12. German-Turkish Filmfestival 2007 in N\u00fcrnberg and was proposed for the \u00d6ng\u00f6ren Award for Democracy and Human Rights,<br \/>\n\u2022\tat the video-lounge of the Cinema Du Reel Paris 2008<br \/>\n\u2022\tand won the first prize in the category documentary at the Political Shortcuts \u2013 Festival Koblenz 2009.<\/p>\n","protected":false},"excerpt":{"rendered":"<p>project team &#8220;Spurensuche&#8221; c\/o Holger Kie\u00df biography participant in SFC &#8211; Shoah Film Collection 2010 [flvgallery video=&#8221;http:\/\/video.newmediaserver.org\/2010\/01\/shoah\/kiess.flv&#8221; title=&#8221;view video&#8221; thumbnail=&#8221;http:\/\/video.newmediaserver.org\/2010\/01\/shoah\/img\/kiess.jpg&#8221; width=&#8221;480&#8243; height=&#8221;360&#8243;] . Video title: &hellip;<\/p>\n","protected":false},"author":1,"featured_media":0,"parent":0,"menu_order":0,"comment_status":"closed","ping_status":"open","template":"","meta":[],"_links":{"self":[{"href":"https:\/\/vad.nmartproject.net\/index.php?rest_route=\/wp\/v2\/pages\/1711"}],"collection":[{"href":"https:\/\/vad.nmartproject.net\/index.php?rest_route=\/wp\/v2\/pages"}],"about":[{"href":"https:\/\/vad.nmartproject.net\/index.php?rest_route=\/wp\/v2\/types\/page"}],"author":[{"embeddable":true,"href":"https:\/\/vad.nmartproject.net\/index.php?rest_route=\/wp\/v2\/users\/1"}],"replies":[{"embeddable":true,"href":"https:\/\/vad.nmartproject.net\/index.php?rest_route=%2Fwp%2Fv2%2Fcomments&post=1711"}],"version-history":[{"count":2,"href":"https:\/\/vad.nmartproject.net\/index.php?rest_route=\/wp\/v2\/pages\/1711\/revisions"}],"predecessor-version":[{"id":1713,"href":"https:\/\/vad.nmartproject.net\/index.php?rest_route=\/wp\/v2\/pages\/1711\/revisions\/1713"}],"wp:attachment":[{"href":"https:\/\/vad.nmartproject.net\/index.php?rest_route=%2Fwp%2Fv2%2Fmedia&parent=1711"}],"curies":[{"name":"wp","href":"https:\/\/api.w.org\/{rel}","templated":true}]}}